True
Does 1038 divide 52256427?
False
Is 60466626 a multiple of 1881?
True
Is 17 a factor of 3080427965?
True
Is 79 a factor of 1702169364?
False
Is 113 a factor of 83664351?
False
Is 244821141 a multiple of 921?
True
Is 122 a factor of 1668613154?
True
Is 42831072 a multiple of 108?
True
Is 217491098 a multiple of 20?
False
Does 7073 divide 1216510942?
False
Does 2 divide 729485666?
True
Does 351 divide 44865171?
True
Is 164896368 a multiple of 4?
True
Is 1342 a factor of 105113492?
True
Is 3301956 a multiple of 7?
True
Does 868 divide 133606900?
True
Is 144186504 a multiple of 9?
False
Is 80190960 a multiple of 24?
True
Is 526 a factor of 135326479?
False
Is 4 a factor of 294916?
True
Is 21932550 a multiple of 12?
False
Does 18 divide 398227670?
False
Does 68 divide 86970028?
True
Is 485 a factor of 15528245?
True
Does 9 divide 123662853?
True
Is 2458 a factor of 3522934038?
False
Does 5 divide 9028095?
True
Is 949 a factor of 129325705?
False
Does 1450 divide 3384250546?
False
Does 201 divide 7008231?
False
Is 31575835 a multiple of 60?
False
Is 6624636 a multiple of 29?
False
Does 352 divide 143826496?
True
Does 595 divide 51118682?
False
Does 346 divide 5777609?
False
Does 1304 divide 180828639?
False
Is 1955032075 a multiple of 26?
False
Is 31 a factor of 20541437?
True
Does 1001 divide 593164572?
True
Is 1429 a factor of 6506237?
True
Is 76232260 a multiple of 65?
True
Does 103 divide 5188004?
False
Is 60577398 a multiple of 5?
False
Is 13 a factor of 439551239?
False
Is 9 a factor of 139551561?
True
Is 11 a factor of 34646964?
True
Is 3546868950 a multiple of 76?
False
Is 263798091 a multiple of 9?
True
Is 38 a factor of 124641368?
True
Does 315 divide 4112100?
False
Does 62 divide 151836355?
False
Is 188802475 a multiple of 2458?
False
Is 14 a factor of 578411705?
False
Is 66 a factor of 9849346?
False
Is 177 a factor of 2658825426?
False
Is 214447071 a multiple of 52?
False
Is 674 a factor of 1252472855?
False
Does 211 divide 382954239?
True
Does 534 divide 355573784?
False
Is 339494489 a multiple of 5?
False
Is 1502 a factor of 66834911?
False
Is 3544 a factor of 272133128?
True
Is 19081965 a multiple of 105?
True
Does 38 divide 314326804?
True
Is 357 a factor of 559629630?
True
Does 263 divide 40164709?
False
Is 41005230 a multiple of 42?
True
Is 36 a factor of 34548815?
False
Is 2877 a factor of 706441165?
False
Is 189 a factor of 822681044?
False
Is 3877000 even?
True
Is 2878 a factor of 8312586083?
False
Is 635 a factor of 306233830?
True
Does 26 divide 3246957038?
True
Is 11259 a factor of 3303863478?
True
Is 9880 a factor of 1313595400?
True
Does 1034 divide 388670260?
True
Is 322961727 a multiple of 3853?
False
Does 16 divide 13204560?
True
Is 8 a factor of 18159080?
True
Is 257 a factor of 118956238?
False
Is 24 a factor of 59325024?
True
Does 6 divide 380387755?
False
Is 274834468 a multiple of 1089?
False
Is 14530320 a multiple of 45?
True
Is 81782577 a multiple of 3643?
False
Does 468 divide 73626696?
True
Does 36 divide 47760048?
True
Is 2635275 a multiple of 15?
True
Is 25846064 a multiple of 124?
True
Is 16 a factor of 19174095?
False
Is 1941 a factor of 55124400?
True
Is 109 a factor of 97367572?
False
Does 1057 divide 91603216?
False
Is 613507277 a multiple of 53?
True
Does 184 divide 1427531616?
True
Is 977391072 a multiple of 3312?
True
Is 176 a factor of 4931128450?
False
Does 32 divide 54411616?
True
Does 263 divide 68435493?
True
Is 7 a factor of 182218302?
True
Does 3 divide 8517699?
True
Is 40 a factor of 23926653?
False
Is 130191104 a multiple of 9?
False
Does 6 divide 8250396?
True
Is 2016 a factor of 55188134?
False
Is 35804934 a multiple of 1206?
True
Is 686 a factor of 219563218?
True
Does 213 divide 34968210?
True
Is 20054530 a multiple of 3991?
False
Is 38 a factor of 82312522?
True
Is 1185748154 a multiple of 59?
False
Does 1051 divide 50049671?
True
Is 105 a factor of 19854278?
False
Is 48548650 a multiple of 10?
True
Is 35496841 a multiple of 691?
False
Is 6 a factor of 147835886?
False
Is 34 a factor of 1407839706?
False
Does 10 divide 149840?
True
Is 8311977 a multiple of 2177?
False
Is 2983141818 a multiple of 967?
False
Is 12303060 a multiple of 3?
True
Does 72 divide 256946086?
False
Is 8 a factor of 13332299?
False
Is 154405160 a multiple of 1690?
True
Is 41380260 a multiple of 15?
True
Is 1686249880 a multiple of 52?
False
Does 521 divide 97062120?
False
Is 2782 a factor of 3718632216?
False
Does 7 divide 1198651331?
False
Does 1564 divide 33228526?
False
Is 35140938 a multiple of 102?
True
Is 4292175710 a multiple of 39?
False
Is 851 a factor of 706825575?
False
Does 75 divide 49003985?
False
Is 282 a factor of 1438816438?
False
Is 12548025 a multiple of 105?
True
Does 6 divide 154220815?
False
Does 58 divide 34446514?
False
Does 96 divide 35901272?
False
Does 2230 divide 84108910?
True
Is 195 a factor of 68372144?
False
Is 51 a factor of 741406300?
False
Does 433 divide 19726792?
False
Is 17 a factor of 84704370?
True
Is 69858140 a multiple of 53?
False
Is 39 a factor of 373717833?
False
Is 2328 a factor of 10583088?
True
Does 13 divide 4575961694?
False
Is 35993234 a multiple of 880?
False
Is 708 a factor of 30228768?
True
Does 43 divide 1386983146?
True
Does 2 divide 34219184?
True
Is 172442333 a multiple of 6?
False
Is 69504840 a multiple of 621?
False
Does 117 divide 152354165?
False
Is 6 a factor of 8715378?
True
Is 70 a factor of 234870958?
False
Does 11741 divide 1162394223?
True
Is 3982583 a multiple of 2?
False
Is 736971602 a multiple of 127?
True
Is 57443661 a multiple of 121?
True
Is 201296436 a multiple of 1298?
True
Is 5 a factor of 34645639?
False
Is 17 a factor of 140138?
False
Is 79863575 a multiple of 55?
True
Is 322 a factor of 2824178?
False
Is 2 a factor of 1811143?
False
Does 78 divide 21478843?
False
Is 669103742 a multiple of 14?
False
Is 8 a factor of 50510688?
True
Does 2137 divide 1036374937?
False
Is 1802697132 a multiple of 61?
True
Does 491 divide 284474107?
True
Does 3516 divide 62939916?
True
Is 6418 a factor of 518347542?
False
Is 92656427 a multiple of 16?
False
Is 91252782 a multiple of 957?
False
Does 57 divide 340591436?
False
Is 2582 a factor of 30844572?
True
Is 224971766 a multiple of 187?
False
Is 642491180 a multiple of 8353?
False
Is 141848450 a multiple of 150?
False
Does 39 divide 45640346?
False
Is 380725780 a multiple of 4792?
False
Is 1384 a factor of 217326752?
True
Is 67 a factor of 2865024675?
False
Does 71 divide 747140515?
False
Is 12736702 a multiple of 61?
False
Is 2901346 a multiple of 1756?
False
Is 112 a factor of 87821647?
False
Does 58 divide 55394595?
False
Is 8241984 a multiple of 705?
False
Is 232 a factor of 2962176?
True
Is 85367025 a multiple of 10?
False
Does 530 divide 43823580?
True
Does 3 divide 570355294?
False
Does 8 divide 5289170?
False
Is 572287524 a multiple of 6?
True
Does 57 divide 56567100?
False
Does 43 divide 124056032?
True
Is 35267616 a multiple of 36?
True
Is 1082679293 a multiple of 6424?
False
Is 1184655060 a multiple of 90?
True
Is 1369210768 a multiple of 73?
False
Is 129 a factor of 957125304?
True
Is 135 a factor of 845604225?
True
Does 255 divide 104798602?
False
Is 87541462 even?
True
Is 84875148 a multiple of 558?
True
Is 22 a factor of 365704722?
False
Does 22 divide 9336781?
False
Is 2797 a factor of 262246720?
True
Is 22 a factor of 2454800744?
True
Does 376 divide 112079425?
False
Is 2898840 a multiple of 146?
False
Is 145 a factor of 411333245?
True
Is 137397092 a multiple of 15?
False
Is 1118 a factor of 139306814?
False
Does 284 divide 141406524?
False
Is 43 a factor of 176403835?
False
Is 15 a factor of 632403585?
True
Does 425 divide 45688228?
False
Does 6 divide 38095848?
True
Is 166515740 a multiple of 212?
False
Does 6 divide 1888215?
False
Does 10 divide 443725740?
True
Is 134340570 a multiple of 45?
True
Does 406 divide 2360849900?
False
Does 92 divide 18859080?
True
Does 1163 divide 98179183?
False
Does 8 divide 31835184?
True
Is 23534671 a multiple of 35?
False
Is 6262367 a multiple of 2120?
False
Does 71 divide 46576994?
True
Is 1636 a factor of 38198657?
False
Is 34815928 a multiple of 21?
False
Does 7792 divide 1121767488?
True
Is 81989648 a multiple of 2314?
True
Is 259717568 